alse
Suppose -3*q + 45 = 2*q + 5*h, 13 = 5*q - 3*h. Suppose 5 = 5*m - q. Suppose c = -m*c + 381. Is c a composite number?
False
Let f = -3 + 7. Suppose -f + 16 = 4*d. Suppose 0 = -d*u - 0*u + 222. Is u prime?
False
Let m = -49 - -76. Suppose a + 38 + m = 0. Is 4/((-4)/a) + 2 a prime number?
True
Suppose 0 = 2*h + 8, 0*o - 393 = -o - h. Is o a composite number?
False
Let r = -2846 - -4209. Is r prime?
False
Suppose 0 = -a + 314 + 353. Is a prime?
False
Let s = 8 + -6. Let w = s - -4. Let g(t) = t**2 - 2*t + 9. Is g(w) composite?
True
Suppose -30 + 1143 = 3*r. Is r a prime number?
False
Let n(q) = -8 + 0*q + 3*q - 5*q - 1. Let k be n(-11). Suppose -k = o + 3*r - 53, 3*o - 81 = 4*r. Is o a composite number?
False
Suppose -4*y + 4*i + i = -16, 2*y = -2*i + 8. Suppose y*f - 251 = f + q, f = 2*q + 87. Is f prime?
True
Let h be ((-14)/6)/((-2)/18). Let y = 35 - h. Is y a prime number?
False
Let p(y) = -y**3 + 7*y**2. Suppose k = 2*k - 7. Let i be p(k). Suppose -2*j + i*j = -70. Is j a composite number?
True
Suppose 110 + 171 = 4*c + n, 0 = -5*n - 15. Let o = c - 22. Is o composite?
True
Suppose 37 = 3*x + 5*v, -3 = v + 1. Is x prime?
True
Let p be (-88)/(((-6)/4)/3). Suppose 2*v - p = -2*w - 3*w, -3*v + 251 = w. Is v a composite number?
False
Suppose -8*r = -3*r - 355. Let b = 158 - r. Is b a composite number?
True
Let z(k) = 10*k + 1481. Is z(0) a prime number?
True
Let m be (-12)/(-3)*(-2)/(-4). Suppose m*b = 4*b - 62. Suppose -t = -22 - b. Is t prime?
True
Suppose 2*t + 3*t - 30 = 0. Let i = t - -28. Is i composite?
True
Suppose -2*y = -0*y. Suppose -b = -y*b - u - 107, b - 123 = -3*u. Is b composite?
True
Let j = 144 - 96. Suppose -3*r - r = j. Is (39/r)/((-3)/12) a composite number?
False
Let v = 18 - -58. Let p = v + -39. Is p a composite number?
False
Is (-9)/4*2/(-9)*298 a composite number?
False
Let k = 4 + 1. Suppose 0*q = -k*q + 75. Is q composite?
True
Let f(s) = -s**3 - 3*s**2 + 6*s + 4. Let w be f(-4). Let v(d) = -2*d. Let c be v(-3). Let q = w + c. Is q composite?
False
Suppose 0 = -5*u + 6 + 94. Is (-2)/1 + (u - -1) composite?
False
Let a(z) = -2 + 7*z - 6 - 2. Is a(8) a prime number?
False
Let n(o) = -6*o**3 + 5*o**2 + 3*o + 3. Let z be n(-4). Let g = z - 100. Is g a prime number?
False
Suppose -6*k + 322 = m - k, 0 = -2*m - k + 635. Is m composite?
False
Let l(d) = d + 1. Let f be l(9). Is (-531)/(-15) + (-4)/f composite?
True
Suppose 4*r - 298 = 5*a - 17, 4*r + 4*a = 308. Is r prime?
False
Let f = 975 - -285. Suppose 0 = -4*g - 0*g + f. Suppose 5*l - g = -50. Is l a prime number?
True
Let t(p) = 455*p + 6. Let s(i) = -228*i - 3. Let y(q) = -7*s(q) - 4*t(q). Let u be y(-2). Suppose a = -4*a + u. Is a prime?
True
Let w = -912 + 1606. Is w a composite number?
True
Let l be ((-1)/2)/(2/(-4)). Is (-1)/l*(-237)/3 prime?
True
Let z(c) = -7 - 3*c + c**3 - 2*c + c**2 - 2*c**2 + 9*c**2. Is z(-7) composite?
True
Let h(o) = -o**3 - 4*o**2 + 4*o + 6. Let r = 21 + -26. Is h(r) composite?
False
Suppose -x = 3*u + 4*x - 11, 1 = x. Let n(r) = -7*r + r**3 + 4*r**2 + u - 7 + 0 + 1. Is n(-5) a prime number?
False
Let h = 0 + 5. Suppose -443 = -3*w + z, h*z = w + 4*w - 735. Suppose -5*l = -237 - w. Is l composite?
True
Let f(t) = -7 + 2*t - 3*t - t**2 - 2*t - 4*t. Let s be f(-5). Suppose 132 = s*r - x, -5*x = 3*r - 3*x - 123. Is r a composite number?
False
Suppose 5*d = 5*p - 24400, 15 = 6*d - d. Is p a composite number?
True
Suppose -4572 = 6*z - 14970. Is z a composite number?
False
Is 12/28 + 2658/21 prime?
True
Let l = 0 - -2. Suppose -w = -5*m - 14 - 16, -l*w - 4*m = -32. Suppose -2*o = -24 - w. Is o prime?
False
Let o(n) = n**3 - 5*n**2 + 6*n - 6. Let t be o(4). Suppose t*u - 58 - 25 = -v, 4*v - 314 = u. Is v composite?
False
Suppose -6*t - 2453 = -17*t. Is t a prime number?
True
Let u(m) = -m - 1. Let y be u(-5). Suppose 0 = -y*j + 197 + 159. Is j composite?
False
Let w = 436 + -245. Is w prime?
True
Suppose 159*s - 152*s = 11347. Is s a composite number?
False
Let q(i) = 7*i + 1. Let t be q(-1). Let n be t/(-12)*(0 + 12). Is (-400)/(-6) + 2/n a prime number?
True
Suppose 3*b - 28 = 2*b. Let p = -15 + b. Is p a prime number?
True
Is -1*(1 + 1 + -91) a prime number?
True
Let u = 6 - 3. Let p(v) = 13*v + 1 - 7 + 49*v + u. Is p(2) prime?
False
Suppose 3*z - 314 = -5*y, 0 = -5*z - y - 3*y + 519. Is z a prime number?
True
Suppose -2*a - 58 = -4*q, -4*a - 96 = -4*q - 28. Suppose t + q = -4*f, 2*t - t + 8 = -3*f. Suppose 6*s - t*s = 130. Is s prime?
False
Suppose 0 = 5*s - 4*s + 4*d - 10, 8 = s + 3*d. Suppose -s*f - 8 = 3*c, 3*c + 22 = 6*f - f. Suppose -f*h + h + 10 = 0. Is h a composite number?
True
Suppose -5*f - 100 = -3*m - 544, -f + 592 = -4*m. Is (18/(-36))/(2/m) composite?
False
Let o = 11 - 2. Let c = 22 + o. Is c composite?
False
Let w(c) = 3*c**3 + 2*c**2 - 1. Let u be w(1). Let q = u - 8. Is -4*(1 - (-15)/q) prime?
True
Let n(h) = 2*h**2 + 5*h + 3. Let f be n(-8). Suppose f + 9 = -5*s. Let x = -9 - s. Is x a prime number?
True
Let g(q) = -q + 7. Let l be g(-6). Let t(c) = 3*c**3 + 3*c**2 - 4*c - 2. Let d be t(2). Let n = d - l. Is n a composite number?
False
Let r(u) = u**3 - 4*u**2 + 6*u + 2. Is r(7) a prime number?
True
Suppose -4*a = 2*l - 52, -69 = -3*l - l - a. Suppose y - l = 6*q - q, -18 = -y + 3*q. Is y a prime number?
False
Suppose 5*y = 160 + 135. Is y a composite number?
False
Suppose 1914 = 6*i - 3*i. Suppose -5*p + i = -457. Is p prime?
False
Let x be 138/12 - 2/4. Let y(d) = -d**3 + 14*d**2 - 14*d + 2. Is y(x) composite?
False
Suppose 5*q = 43 + 32. Is q composite?
True
Suppose -5*p + 105 + 620 = 0. Is p a composite number?
True
Is (4/(-26) - (-66)/(-78))*-253 a prime number?
False
Let m = -97 - -434. Is m composite?
False
Let r = 27 - 19. Suppose 0 = -g + 2*g + 4, 2*s - g = r. Suppose 3*l - 180 = 5*i + 51, s*l - i = 154. Is l a prime number?
False
Suppose -156 = -2*s + 2*t, -7 - 237 = -3*s + t. Let j = s - 43. Let p = 75 - j. Is p a prime number?
False
Let x(s) = -s - 4. Let r be x(7). Suppose 0 = -5*f - f + 150. Let b = f + r. Is b prime?
False
Let r(u) = 2*u**2 + 2*u - 2. Let w be r(-2). Suppose x - 18 = -w*x. Suppose 89 = 3*h - 2*l, 3*h = x*h + 3*l - 99. Is h a prime number?
True
Let g = 77 - 150. Is (g + -5)*2/(-6) a prime number?
False
Let y(c) = -2*c**3 - c**2 - 4*c + 7. Let d = -10 - -4. Is y(d) prime?
False
Suppose -3 = o - 0. Is (-571)/o + 12/18 prime?
True
Let x = 2259 - 1292. Is x a composite number?
False
Let b be 2/9 - (-364)/(-18). Let l be (-1)/(-2*2/b). Is 52/(l/(5/(-2))) composite?
True
Let w be 142/6*3/(-1). Let d = w + 265. Let k = d - 109. Is k prime?
False
Let w be (-1)/(-2) + 135/10. Is w - 0/2*1 a prime number?
False
Suppose -3958 = -4*t - 794. Is t prime?
False
Suppose -4*a + 16 = -4. Suppose c + a*k + 15 = -2*c, -2*k - 6 = 0. Suppose -2*f + c*f + 92 = 0. Is f a composite number?
True
Let m be 1/2*0/(-4). Suppose m*j = -j - 3*q + 37, -2*q = -4*j + 148. Is j composite?
False
Let r = -101 + 700. Suppose 5*y - r = -49. Let j = -33 + y. Is j a prime number?
False
Suppose -4*x + 486 + 158 = 0. Is x composite?
True
Let u = 19351 + -11516. Is u a composite number?
True
Suppose -2*d - 84 = -r, 5*r - d + 6*d - 450 = 0. Let m be 1/6 - 895/(-30). Suppose -2*s + m = -r. Is s a prime number?
True
Let o be 2*((-572)/(-8) - 1). Let j = o - 62. Is j a composite number?
False
Let k(u) = u**2. Let w be k(0). Suppose 3*d = -w*d + 39. Is 2*(-1 + d/2) prime?
True
Let c = 13 - 20. Let l(z) = -z**3 - 7*z**2 - z - 2. Let b be l(c). Suppose 5*g - 4*f = 54, 4*g + 4*f - b = 31. Is g a prime number?
False
Suppose -o + 2*m = -205, -243 + 23 = -o - 3*m. Is o prime?
True
Let j = -278 + 164. Let y = -24 + j. Let g = y + 217. Is g a prime number?
True
Suppose 4*m = 1050 + 1682. Is m a composite number?
False
Suppose -2*z + 2*v + 1363 = -463, -4*z + 5*v + 3654 = 0. Is z a composite number?
False
Let k(y) = 143*y + 2. Is k(1) a composite number?
True
Suppose 3*a - a = 4*t - 366, -4*t + 363 = a. Let i(b) = -4*b**3 - 2*b**2 + 1. Let k be i(-1). Suppose 0 = -2*l + k + t. Is l prime?
True
Let q be (-4968)/(-15) + 1/(-5). Suppose -3*g = -q + 49. Let f = g + -45. Is f a prime number?
False
Suppose 2*c = 4, -3*a - 6*c + 3*c = -2115. Is a a composite number?
True
Let n = -351 + 742. Is n composite?
True
Suppose 0 = 5*w + 3*j + 14, -5*w - 14